 610. Let p = -129 - x. Is p a prime number?
False
Suppose 3*f = 5*w - f - 5455, 5*w = f + 5440. Is w composite?
False
Suppose -2*a + 0*a = -28. Let y = a + -10. Suppose -q + 110 = 6*r - 3*r, 4 = -y*q. Is r composite?
False
Let m be (10/15)/(2/6). Suppose -m*x - x = -39. Is x prime?
True
Is 2 + 13/2*22 a prime number?
False
Let x be 1/(-4)*(-6 - -2). Is (2 - (-112)/2)/x a prime number?
False
Suppose 4*k - 31 = 3*k. Is k a composite number?
False
Is (3/(-2))/(-3) - (-540)/24 a prime number?
True
Let g(t) be the third derivative of -t**6/120 + 7*t**5/60 + 5*t**4/24 - 5*t**3/6 - t**2. Let k be g(7). Let i = k + -19. Is i a composite number?
False
Let r(t) = -t**2 + 5*t - 4. Let y be r(4). Suppose y = -3*a + 2*a + 4. Suppose 0*s - 196 = -a*s. Is s composite?
True
Let n be 1/(1/(29 + 1)). Suppose -3*s + n = 2*z, -2*s + 14 = 2*z - 6. Is (-73)/(-5) + 4/s prime?
False
Suppose 3*p = -0*p + 132. Suppose -r = -u - p, 144 = 5*r - u - 88. Is r prime?
True
Let y(g) be the second derivative of -8*g**3/3 + 7*g**2/2 + 9*g. Is y(-16) a prime number?
True
Let a be (-559)/(-3) + 4/(-12). Suppose w - a = -w. Is w a composite number?
True
Let d(x) = -x**2. Let g(v) = -v**3 + 12*v**2 + 5*v - 5. Let m(q) = -6*d(q) - g(q). Let t be m(7). Suppose t = o - 18. Is o a prime number?
True
Suppose -4 = 4*w, r + 4*w + 25 = -415. Suppose -2*d - 2 = -0. Is d/(-2) - r/8 a composite number?
True
Let u(r) = 6*r**3 + r**2 - 3*r + 3. Let l(m) = -m + 2. Let z be l(0). Is u(z) prime?
False
Let f be 0/((-2)/6*-3). Suppose 2*c + 3*c - 345 = f. Is c a prime number?
False
Let h(d) = 2*d**3 - d - 7. Suppose 0 = 4*n - 8 + 28. Let u be h(n). Let g = -107 - u. Is g a prime number?
False
Let q be (3/6)/(3/(-48)). Let g = q + 5. Let n(u) = -2*u**3 - u**2 + 3*u - 1. Is n(g) prime?
False
Let c(w) = 302*w + 4. Let q be c(4). Is 2/(-6) + q/18 prime?
True
Let c be 0 - -1*(2 + 3). Let k = c + -4. Is (2*k)/(6/633) a prime number?
True
Suppose 955 = -0*x + 5*x. Is x a prime number?
True
Suppose -4*l + 83 + 245 = 0. Suppose -5*i + l = d, -d - i - 14 = -84. Is d composite?
False
Let s(c) = c**3 - 5*c**2. Let y be s(4). Suppose 1944 = -2*u + 4*d, -5*u + 4*d + 0*d - 4842 = 0. Is (-4)/y + u/(-8) prime?
False
Let y = 0 - 2. Is -16*(-1 + y) - 1 a prime number?
True
Let u(w) = 3*w**2 + 5*w - 2. Let i be (4/(-6))/(2/(-9)). Suppose 4*n = -4*c - 16, -5*c - 23 = -2*n - i. Is u(c) composite?
True
Let i(n) = 4*n**2 - 2*n - 1. Let h be i(3). Let x = 27 + -18. Suppose -x = -2*v + h. Is v composite?
False
Let q(n) = 699*n + 2. Is q(1) composite?
False
Let p be 5 + (-4 - 3/(-1)). Suppose 2*d + 4*x - 20 = 22, -d + p*x + 27 = 0. Is d a prime number?
True
Let x be 23 - ((-3)/(-3) - -1). Suppose x = 5*b - 2*b. Is b composite?
False
Let q = 1567 - 450. Is q prime?
True
Let u = -444 + 822. Let t = u - 59. Is t composite?
True
Let y = -159 - -358. Is y a prime number?
True
Suppose 8*b = 3*b + 20. Suppose -86 - 150 = -b*q. Is q composite?
False
Let p(k) = 4*k - 2. Let r be p(3). Let w = -8 + r. Suppose w*q - 2*m - 89 = -7*m, 51 = q - 4*m. Is q prime?
True
Let r be (-7)/(-4) + (-2)/(-8). Suppose 10 = 5*k + 5*i, r*k - 2*i + 3*i - 1 = 0. Let d = 4 + k. Is d a composite number?
False
Suppose -52 = 5*b - 3*k, 5*b - 4 = 2*k - 52. Is 74/3*(-12)/b prime?
True
Suppose -4*q = 5*k - 30, k + 3 = 2*q - q. Suppose z = 6 + k. Let t(f) = f**2 - 8*f + 7. Is t(z) prime?
True
Suppose 0*z - z - 5*y + 29 = 0, y - 13 = -2*z. Suppose 0*q - 12 = -z*q. Suppose -11 - 46 = -q*p. Is p composite?
False
Suppose -i + p = -3*i + 414, 5*i - 1033 = -2*p. Is i prime?
False
Let c(w) = -4*w - 1. Let v be c(-1). Let k = v - -30. Is k a prime number?
False
Let u = 38 - 14. Let j(b) = -b**3 + 8*b**2 - 8*b + 1. Let g be j(6). Is (g/(-20))/((-2)/u) composite?
True
Let i(d) = 2*d**2 + 5. Let z be i(4). Suppose 5*j + 2 - z = 0. Let s(o) = 3*o**2 - 6*o - 10. Is s(j) a composite number?
True
Let l(a) = -4*a + 1. Let b be l(-2). Is b/(-3)*178/(-6) a composite number?
False
Let k = 103 - -60. Is k composite?
False
Suppose 4*h + 100 - 1704 = 0. Is h a composite number?
False
Let x = 397 + 2820. Is x composite?
False
Let r be (2/3)/(1/(-6)). Let n = r + 4. Suppose 0 = 5*h + 5*a - 575, -3*h + a + 299 + 38 = n. Is h a composite number?
False
Let u(n) = 34*n - 5. Let j be u(-4). Let m = 128 - j. Suppose -26 = -5*d + m. Is d a prime number?
True
Let x(d) = d**3 - 15*d**2 + 24*d - 13. Is x(14) a prime number?
True
Let r = -211 + 320. Is r a composite number?
False
Let v be 100*2/(2/(-1)). Let y = -65 - v. Is y prime?
False
Let i be 22/3*(3 - 0). Let x be (-5*1)/(2 + -3). Suppose -x*l = -4*f + 59, f + i = 3*f - 4*l. Is f a prime number?
False
Let r = 5 + 1. Is (-462)/4*(-4)/r prime?
False
Let a be 6/1*(-20)/(-3). Suppose -3*o + a = 2*o. Let z(v) = -v**3 + 9*v**2 - v - 1. Is z(o) composite?
True
Is (13476/(-24))/((-2)/4) a composite number?
False
Suppose 5*s + 53 + 103 = 4*c, 0 = -2*s. Is c prime?
False
Suppose 0 = -5*w - 8 - 17. Let u be (w - -3)/(-2 - 0). Let h = 3 - u. Is h prime?
True
Let g(k) = -18*k**3 + k**2 - 7*k + 3. Is g(-3) prime?
False
Suppose -2*o = -o - 5. Suppose -5*s + 670 = o*x, 3*x + 0*x - 399 = -2*s. Is x composite?
False
Suppose 5*d = -1573 - 32. Let n = -176 - d. Is n a composite number?
True
Suppose 2*o - v = 3*o - 51, -v = -o + 51. Is o a prime number?
False
Let w = 25 - 15. Is 2785/w + 2/(-4) a prime number?
False
Let a(r) = 3*r + 15. Let y be a(-5). Is (57 - (-2 + y))*7 prime?
False
Suppose 0 = w + 2*w + 2*h + 8, -2*w + 2*h = -8. Let z = 0 + w. Suppose -4*k + 104 = q - 45, -2*k - q + 75 = z. Is k prime?
True
Suppose 0 = -m + t, -m + 4*t + 2 = 11. Suppose -y - 196 = -m*v, 0 = -0*v + 2*v - 2*y - 124. Is v a prime number?
True
Let v be (-2)/6 + 26/6. Suppose 3*y = -j + 4*j - 657, -882 = -v*j + 2*y. Suppose -2*h + 4 = -j. Is h a composite number?
False
Let j(v) = -v - 4. Let d be j(-5). Suppose 2*r = 3*r - d. Let b = r + 13. Is b a composite number?
True
Let o be 4*51/(-3)*-1. Let a = o - 29. Is a composite?
True
Let b = 0 - 0. Suppose b = 4*t - 5*r - 6, 3*r = -2*t + r + 12. Suppose -4*z = -2*j + 98, -j = 4*j - t*z - 257. Is j prime?
True
Let d(t) = 43*t**3 + t**2 + 5*t - 5. Is d(2) composite?
False
Suppose 0 = 5*q - 66 - 129. Let c = 88 - q. Is c prime?
False
Suppose -4 = 4*i - 3*i. Let m be i*3/(-6) + -3. Is (m - 4 - -2) + 40 composite?
False
Suppose -3*z = -2*n - 4 + 3, 0 = 2*z - 3*n - 4. Is (z + 3)/((-4)/(-14)) a composite number?
False
Let d = -4 + 3. Let z = 23 + d. Is z a prime number?
False
Suppose -45 - 51 = -2*z - 3*a, -2*z = a - 104. Suppose -5*h + 509 - z = 0. Is h prime?
False
Suppose -4*w + 499 = -3*p, 0*w = -5*w - 5*p + 615. Let j = 333 - w. Is j prime?
False
Let o(t) be the second derivative of -37*t**6/60 - t**4/24 - t**3/6 - t**2/2 - 3*t. Let r(y) be the first derivative of o(y). Is r(-1) prime?
False
Let u = -2167 - -4068. Is u prime?
True
Suppose -3*l + 774 = -1119. Suppose 2*n = 3*n - l. Is n prime?
True
Is (-1437 + (-4)/2)*-1 prime?
True
Suppose 12 = -4*c + 6*c. Suppose 4*j + c = g, 0*j - j - 4*g + 7 = 0. Is -1 + j + (-1 - -50) prime?
True
Suppose 3*p = 4*p - 2*j - 8, -14 = -2*p + 3*j. Suppose -p*q + 133 + 135 = 0. Is q prime?
True
Suppose -4*y + 5 = -y + j, 22 = 2*y - 4*j. Suppose -5 = -b - y. Suppose -3*a + 66 = -4*q, 5*a = 4*q - b*q + 110. Is a a prime number?
False
Suppose 4*x + 626 = 2*z + 8*x, z - 4*x - 325 = 0. Is z a prime number?
True
Suppose -a - 5*o = 108, -304 = 3*a - 4*o + 20. Let x = a - -179. Is x composite?
False
Suppose 4*z + 4*j - 634 + 30 = 0, -5*z - 2*j + 767 = 0. Is z prime?
False
Suppose 2*s - 3 = 7. Suppose 4*f = -3*c - 14, -2*c = 2*c + s*f + 18. Is 20 + -1 + 2 - c a prime number?
True
Let x be 1/3 + 3/(-9). Let b be (-2 - (x - 1))/(-1). Is (154/4)/(b/2) a composite number?
True
Suppose -f = 2*f + 1959. Let n be (-2)/(-12) + f/(-6). Is (3 - n)/(-1 + -1) a prime number?
True
Let h = -14 - -20. Let o be h - 5/((-5)/(-2)). Suppose -o*w + 43 = s - 0*w, 0 = -3*w + 9. Is s composite?
False
Let f be ((-136)/(-6))/(2/336). Let h = -1824 + f. Is h/6 + 3/9 prime?
True
Let w(m) = 4*m**2 + 7*m - 4. Let h(c) = c - 9. Let f be h(14). Is w(f) composite?
False
Let b(i) = 2*i**3 - 16*i**2 - 15*i + 19. Let d be b(14). Suppose -15 = -5*l, -3*l - d = -4*q - 2*l. Is q composite?
False
Let g(s) = -4*s - 2. Let i be g(-2). Let c(n) = -2